se 4*f - 226 - 130 = x. Is f a composite number?
False
Let i(x) = 7*x**2 + 3*x + 7. Let f(b) = -b**2 - 4*b - 5. Let h be f(-5). Is i(h) a prime number?
True
Suppose 0 = -d - 2*d + 105. Let k = d + -8. Let p = 38 - k. Is p a composite number?
False
Let s(j) = 2*j**3 - 2*j**2 - 20*j - 3. Is s(14) composite?
False
Suppose 4*b - 2*z - 3676 = 0, -5*z + 7206 - 2581 = 5*b. Is b a composite number?
True
Let f = -3 + 3. Suppose 3*t = 6*t - 3*y - 1086, f = 5*y - 15. Is t composite?
True
Suppose 4*u - 117 = z, -4*z - 62 = 3*u - 5*u. Let o = -18 + u. Is o a prime number?
True
Let t be 4/22 + 6/(-33). Suppose 2*p - 16 = 3*i, p + 3*p + 3*i - 68 = t. Is p a prime number?
False
Suppose -5*i = 3*c - 20, c = 5*i + 2*c - 10. Is 3 + -3 + 163/i a composite number?
False
Suppose -p + 3*q = -q - 120, 0 = 5*p + q - 663. Suppose 621 - p = 3*m. Is m a composite number?
False
Let t(h) = 47*h - 23. Is t(10) a prime number?
False
Let a = 0 - -3. Let m(w) = 12*w**2 - 12*w**3 + 5*w**a + 8*w**3 + 10. Is m(-12) a composite number?
True
Let j(c) = c**2 - 4*c - 46. Is j(-11) a composite number?
True
Suppose 0 = -0*t - 4*t + 2*j + 2980, t + 4*j = 745. Is t a composite number?
True
Suppose 1171 = 4*y - 0*x - 5*x, -2*x = 6. Is y a composite number?
True
Suppose 4*k - 1087 = u - 72, k - 2*u = 259. Is k composite?
True
Let m(b) = -b**3 - 5*b**2 - 5*b + 6. Suppose 4 = 2*u - 2*v + 2, -3*v = -2*u. Let x be (1/(-2))/(u/30). Is m(x) a composite number?
False
Let z(a) = -a**2 + 10*a + 6. Let b be z(10). Let x = -4 + b. Suppose -c - 119 = -x*c. Is c a composite number?
True
Suppose 5*w = 2*c + 17 + 52, -15 = -5*c. Suppose -4*y = y - w. Suppose -y*s + 95 = 2*s. Is s a composite number?
False
Let z be (-2)/(-4) - 55/10. Is (-1254)/z - 6/(-30) composite?
False
Let q be -1*3*4/(-2). Let n(v) = v**2 - 6*v - 7. Let x be n(q). Let d = x - -14. Is d prime?
True
Let s be ((-4)/(-6))/((-2)/(-3)). Suppose 4*k - 2*z + 2 - 12 = 0, z = s. Is k a composite number?
False
Let v(n) = 14*n**2 - 4*n - 4. Let x(k) = -k**2 - 5*k + 2. Let f be x(-6). Let p be v(f). Suppose 2*y + 2*y = p. Is y a composite number?
False
Suppose h + 0 - 1 = 0. Let q = h + -2. Let a = q + 50. Is a a prime number?
False
Suppose 12*m = 7*m + 1475. Is m a prime number?
False
Let s(n) = n**2 + 1. Let k(z) = 3*z**3 + 3*z**2 - 4*z + 3. Let q(x) = -k(x) + 6*s(x). Let i be q(-2). Suppose 4*r + i = 5*r. Is r prime?
True
Suppose -4*p = 2*n - 1082, 2*n - n - 521 = 3*p. Suppose n + 124 = 3*u. Is u a prime number?
False
Suppose f - 2451 = -2*f. Suppose 4*r = -u - 115 + 768, 5*r + 2*u = f. Is r a prime number?
True
Let h = -3 + 4. Let i = h + 47. Suppose -3*t + i = -18. Is t a composite number?
True
Suppose -6*p + 325 + 5 = 0. Is p a composite number?
True
Suppose 3*a + 5*z - 504 = -0*z, 3*a - 2*z - 483 = 0. Is a a prime number?
True
Let l(m) = 9*m**2 + 2*m + 4. Is l(5) composite?
False
Let c(m) = 2*m**3 + 2*m**2 - 3*m - 3. Let f be c(-2). Let y be 870*(3 + f/2). Is (y/(-4))/5*-4 a composite number?
True
Let o = -184 + 107. Is 3 - (-5 + 3 + o) composite?
True
Suppose 2*k + 0 = 8. Suppose 0*m - 245 = -3*m + 2*t, m = k*t + 95. Is m a composite number?
False
Let z be (-4795)/14*(-6 - 0). Let k = z - 1424. Is k composite?
False
Suppose -3 - 5 = 2*c, 3*g = -2*c + 1249. Is g prime?
True
Let r(p) = p**3 - 6*p**2 - 23*p + 3. Is r(11) a prime number?
False
Suppose 3*r - 41 = -c, -35 = -4*r - 3*c + 13. Suppose -3*x + r = 2*x. Suppose -2*g - 4*n + 98 = 0, x*n = -0*g - g + 50. Is g composite?
False
Let n(m) = 0 + 2 + 0*m - 6*m - 1. Let f(x) = 3*x. Let h(w) = -5*f(w) - 2*n(w). Is h(-4) composite?
True
Let r(u) = u + 443. Is r(0) a prime number?
True
Suppose -2*i - 4*f = -602, -i = -4*f - 302 + 19. Is i prime?
False
Is ((-44)/(-8))/((-2)/(-52)) prime?
False
Let c = -4 - -7. Suppose c*g - g = 838. Is g a prime number?
True
Let u(z) = z**2 - 3*z - 3. Suppose 7*h + 4 = 4*h - 4*g, 0 = -2*h + 4*g + 24. Let n be u(h). Let w(i) = 53*i**3 - i**2 + 2*i - 1. Is w(n) prime?
True
Let b(i) = -i**3 + 15*i**2 + 5*i - 19. Let d be b(13). Suppose 0*j + 4*m + 5 = 5*j, -4*m = j - 25. Suppose j*a = d + 1. Is a prime?
False
Suppose -u + 3*u = -4*i + 2726, u = 2*i - 1353. Is i a prime number?
False
Let i be 3/2*(-12)/(-18). Let d be (-16 - i) + (8 - 9). Is 1/(-3) + (-1716)/d a composite number?
True
Let r = 532 - -4201. Is r a composite number?
False
Suppose 0 = -5*m - y + 5*y + 31, -13 = -3*m + y. Suppose -x = 2*t - 2 - 2, -4*x - 6 = -m*t. Suppose -2*u = t*u - 452. Is u a prime number?
True
Let f = -71 - -104. Let r be (1 + 2)*(-2)/(-2). Suppose -5*o + 4*q = -f, r*q - 12 = -q. Is o a composite number?
True
Let d be (-30)/4*24/(-10). Suppose -f + d = -95. Is f prime?
True
Let r = 8 - 4. Let d be (-3)/9 - 21/(-9). Suppose -2*q + 120 = r*h - d*h, -2*q + 63 = h. Is h a composite number?
True
Suppose -10 = l + 4*l, -4*d - l + 30 = 0. Is (-1)/((d/(-364))/2) a prime number?
False
Let n(k) = 2*k**2 + 3*k - 2. Let o be n(-2). Suppose o = -s + 5*b + 394, 5*b = -9*s + 4*s + 2060. Is s a composite number?
False
Suppose 1 = -6*z + z - p, p = 4. Let r = z - -1. Let n(h) = -h**2 + h + 74. Is n(r) a composite number?
True
Let t = 3 - -2. Suppose 7 = -4*o + t*b + 82, 0 = 3*o + 2*b - 39. Is o a prime number?
False
Let m be (15/20)/((-1)/(-4)). Suppose -z + m*z = 446. Is z composite?
False
Let w(j) be the third derivative of j**6/120 - 11*j**5/60 - 19*j**4/24 + 2*j**3/3 - 2*j**2. Is w(13) a composite number?
True
Let m = 85 - 49. Let s be (-2)/(-4) - m/(-8). Suppose -s*d = -30 - 5. Is d prime?
True
Is (-29781)/(-6) - 3/6 a composite number?
True
Let n(c) = -c + 11. Let r be n(8). Let j(w) = 3*w**2 + 3*w - 5. Is j(r) prime?
True
Let w = 286 + -151. Is (-2 - -1) + w + -1 composite?
True
Suppose 0 = -4*z - q - 12, 4*z + 0 = -5*q + 4. Is (2/z)/((-6)/996) a prime number?
True
Suppose 5*n - 1754 = -2*y, 5*y + n = 3*n + 4443. Is y a prime number?
True
Let j be 0 - (-3 - -454) - 0. Let l = -318 - j. Suppose 4*s + l = 5*n - 0, n - 29 = 2*s. Is n prime?
False
Let s(a) be the first derivative of -3*a**2 + a - 5. Is s(-1) a prime number?
True
Let v = 10 + -12. Let k be (v - -1)*(2 + -3). Is (k/2)/(5/490) prime?
False
Suppose 2*c = 4*y - 4594, -y = -3*c - 1330 + 194. Is y a prime number?
True
Suppose -4*w - 6 = -w. Is (2/(-6))/(w/348) a prime number?
False
Let g(t) = -t**2 - 5*t + 4. Let v be g(-5). Let i(c) = 5*c**3 - 4*c**2 + 3. Is i(v) composite?
True
Suppose 3*x + 2*f - 17 = -8, 0 = 2*x + 4*f - 6. Suppose -3*w = -3*d + 18, d - 3*w - 26 = -x*d. Is 3*5*d/12 composite?
True
Let o be 2*2*4/8. Suppose -2*j + 3*k + 44 = -k, o*j = -k + 44. Is j prime?
False
Let u(k) be the second derivative of k**3/6 + 7*k**2/2 + k. Let w be u(-5). Is 105/20*8/w prime?
False
Let r be (104 - 0)*4*-2. Is (-3)/9 + r/(-12) a composite number?
True
Suppose 2*l - 7 = 3, -3*f = -5*l - 497. Let r = f - -5. Is r prime?
True
Is 435/10*(-14)/(-3) a composite number?
True
Is (1 - 8/4)*-697*1 a prime number?
False
Let x = 4744 + -2561. Is x composite?
True
Suppose -4*n - 12 = 8, -3*n + 127 = 2*w. Is w prime?
True
Let u(x) = 6*x**2 + 4*x + 19. Is u(-9) composite?
True
Let s(w) = 2*w**3 - 6*w**2 - 8*w - 5. Suppose 2*n = 4 + 8. Is s(n) a prime number?
True
Suppose -2*l = -6*l + 4, -4*t - 4*l = -152. Is t composite?
False
Let h be 22/10 + (-1)/5. Is h/(-6) + (-56)/(-6) prime?
False
Let p = 226 + 403. Is p composite?
True
Is -681*(-4 - (-35)/15) prime?
False
Let i = 4546 + -3147. Is i a prime number?
True
Suppose 2*w - 4*t + 2 = -0, 0 = w + 2*t - 7. Let n(g) = g**2 - 2*g - 3. Let h be n(3). Suppose -w*k = -h*k - 57. Is k prime?
True
Let n = 15 + 20. Let g(p) = -2*p**2 + 51*p - 30. Let y be g(20). Suppose y = a + n. Is a composite?
True
Is 20/(-25) - (-6478)/10 a prime number?
True
Let a(m) = 7*m**3 + 23*m**2 + 32*m - 3. Let p(i) = 11*i**3 + 34*i**2 + 48*i - 5. Let x(u) = 8*a(u) - 5*p(u). Is x(-12) prime?
True
Suppose -x - 2 = -1. Is (85/4 - x)*4 prime?
True
Suppose 0*t = -5*o - t + 69, -3*t = -o + 1. Suppose -2 = -5*c + o. Is c composite?
False
Let z = 7 + -1. Suppose 4 - z = -k. Is 1 + (121 - (k - -1)) a composite number?
True
Let x(z) = z**3 - z + 331. Is x(0) prime?
True
Suppose 3*f - 39 = -5*s, 10*f - 5*f = 3*s - 3. Suppose -2*w = -d + 47, 2*w - s*w - 259 = -5*d. Is d a composite number?
True
Let q = -4 - -8. Suppose -h - q*h - 3*c + 21 = 0